. Let y be p(-6). Let i(j) = 7*j - 5. Let u(s) = y*i(s) - 5*d(s). Give u(g).
2
Let s(k) be the second derivative of -k**5/20 - k**4/2 - 2*k**3/3 + 3*k**2 - 11*k. Let i = -16 + 18. Suppose i*g = -10 - 0. Determine s(g).
1
Let g(z) = -3 + 0*z + z + 6. Let w(r) = r - 11. Let o be w(7). Determine g(o).
-1
Let l(p) = 2 + 5 - p**2 - 3 - 2*p. Suppose -5*b - 25 = -45. Calculate l(b).
-20
Let n(x) = x**2 - 9*x - 1. Suppose -2*h + 24 = -0*h + 2*z, h + 2*z = 16. Give n(h).
-9
Let p = 14 + -7. Let i(r) = -7 + 25*r**2 + 124*r - 26*r**2 - 116*r. Determine i(p).
0
Let z be ((-152)/(-57))/((-2)/3) - 1. Let s(m) = m - 6. Let q(a) = 3*a - 12. Let t(p) = -2*q(p) + 5*s(p). Give t(z).
-1
Let n(k) = -27 - 6*k + 27*k + 13. Let h be n(4). Let c(d) = 39*d**2 - h*d**2 + 32*d**2 - 6 - 3*d. Determine c(5).
4
Suppose 6 = -0*t + t. Let h(g) = 3*g + 1. Let l(v) = -11*v - 8. Let m(o) = -4*h(o) - l(o). Determine m(t).
-2
Suppose 3*h + 2 - 5 = 0. Let s = h - 7. Let y(i) be the second derivative of i**5/20 + 5*i**4/12 - 5*i**3/6 + 5*i**2/2 + i. Determine y(s).
-1
Let k be 11 + -15 - 108/(-4). Let m(y) = -y + 25. Calculate m(k).
2
Let t(l) be the second derivative of 9/2*l**2 - 8*l + 0 - 1/6*l**3. Give t(5).
4
Let g(m) = 4*m**3 + 174*m + 13*m**2 + 0*m**3 - 3*m**3 - m**2 - 21 - 156*m. Give g(-10).
-1
Let m(b) = -b**2 - 2*b + 11. Let n(q) = -q - 13. Let w be n(-8). Let i be m(w). Let v(o) = o**2 + 5*o - 2. Calculate v(i).
-6
Let l(p) = p**3 - p**2 - 5*p + 2. Let c be (-7 - 2)*2/6. Let x be 0/c*1/3. Suppose 2*m - 4*m + 6 = x. Give l(m).
5
Let k be (-13*(3 + -2))/1. Let g = -77 + 57. Let i = g - k. Let v(j) = -j - 6. Give v(i).
1
Let x(t) = 4*t**2 + t + 1. Let r(o) = -o**3 + 3*o**2 - o + 1. Let d be (-33)/(-44) - 18/(-8). Let k be r(d). Let h be (-11 - -12)*(k + 1). Give x(h).
4
Let d(b) = -5*b - 632 + 7*b + 641 + b. Calculate d(-4).
-3
Let c(q) = 2*q**3 + q. Suppose 7 - 15 = -4*w. Give c(w).
18
Let m = 196 - 198. Let t(q) = 6*q + 1. Calculate t(m).
-11
Let a(l) = -l**2 + 12*l + 11. Let h(g) = 2*g**2 - 11*g - 12. Let t(s) = 3*a(s) + 2*h(s). What is t(-14)?
9
Let u(v) = v**2 - 7*v + 4. Let t(y) = -13 + 1 + 4*y + 4. Let s be t(4). Give u(s).
12
Let l be (-4)/(18/(-10) - -1). Let w(p) = -13 - l*p + 7 + p**2 - 5*p. Determine w(7).
-27
Let z(y) = y**2 + 5*y - 10. Let d(a) = -4*a**3 - 2*a**2 - 3*a - 2. Let r be d(-1). Suppose 3*s = 12, r*j + s + 37 = 5*s. Determine z(j).
4
Let l(j) = 2*j + 3. Let w(c) = -c**3 + 4*c**2 + 8*c + 23. Let a be w(6). What is l(a)?
1
Let k(o) = -o**3 - o**2 + o + 7. Let q = -129 - -129. Calculate k(q).
7
Let s(x) be the first derivative of -x**2/2 - 3*x + 146. Calculate s(-7).
4
Let t(n) = 138*n + 145*n - 291*n. Let z = 7 - 8. Give t(z).
8
Let d be (-7)/(19 + 2)*-9. Let j(h) = h - 5. Let w(f) = -3*f + 9. Let u(c) = 7*j(c) + 4*w(c). Calculate u(d).
-14
Let f = 1506 + -1515. Let y(m) = m**3 + 7*m**2 - 15*m + 18. Calculate y(f).
-9
Let m(q) = -q + 12. Let a be ((-220)/(-22))/(-1 + 0) - -4. Determine m(a).
18
Let r be 16*((-52)/16 + 4). Let b(t) = 20 - 2*t**3 - r + t - 2*t**2 - 10 + 4*t**3. Calculate b(2).
8
Let w = -6 - -2. Let d(b) be the third derivative of b**3 + 0*b + 16*b**2 + 0 + 1/8*b**4. Calculate d(w).
-6
Let d(y) = -7*y**3 - 4*y**2 + 6*y**3 - 7 - 1 - 9*y**2 + 1 - y. Give d(-13).
6
Suppose -2 = -4*g + 2*g. Let i(s) = -6*s + 21*s**2 + 4*s + 3*s**3 + 1 - 46*s**2 + 2*s**3 + 27*s**2. Determine i(g).
6
Let f(s) = -118*s + 30*s + 27*s + 30*s + 38 + 25*s. Give f(6).
2
Let z(y) be the third derivative of -31*y**6/120 + y**5/30 - y**3/6 + 8*y**2 - 12*y. Calculate z(1).
-30
Let a = -14 - -24. Let i = a + -9. Let s be (i + 1)/2 - 2. Let p(q) = -8*q**2 - q - 1. Calculate p(s).
-8
Let h(s) = 7*s**2 - 8*s + 24. Let d(u) = 4*u**2 - 6*u + 13. Let y(b) = 5*d(b) - 3*h(b). Suppose 8*o = 3*o - 30. What is y(o)?
-7
Let i(w) = w**3 - 14*w**2 + w - 17. Suppose 3*r - b - 74 = -2*r, -2*b + 34 = 3*r. What is i(r)?
-3
Let p(m) = 2*m**2 - 22*m - 19. Let j be p(12). Let w(f) = -j*f + 0*f + 4*f - 2 + 2*f. Give w(7).
5
Let i(p) = -19*p + 3*p + 8*p + 16*p + 4. Calculate i(3).
28
Let b(n) = -n**3 + 8*n**2 + n + 5. Let z = 1058 + -1052. What is b(z)?
83
Let t(h) be the first derivative of 11*h**2/2 - h + 322. Calculate t(-2).
-23
Let h(v) = 59*v - 3. Suppose -5*r = 4*c - 97, -3*r + 4*c + 39 = -0*r. Let o(q) = -20*q + 1. Let b(p) = r*o(p) + 6*h(p). What is b(-1)?
-15
Let t(q) = 88*q**3 - 46*q**3 - 2*q + q**2 - 34*q**3 + 1. Determine t(1).
8
Let k be (14 + -2)/(-3) + 9. Suppose -9 + 54 = k*p. Let c(y) = 2*y + 11*y**2 - y - p*y**2 - y**2 - 7. What is c(0)?
-7
Let a be 3 + (-3 - (-16)/4)/(-1). Let t(u) = 5*u**2 - u + 2. Let d(p) = -9*p**2 + 2*p - 3. Let b(m) = 4*d(m) + 7*t(m). Calculate b(a).
0
Suppose -73 = -3*n - 55. Let q(s) = -3*s - 3. Calculate q(n).
-21
Let w(d) = -4*d + 0 + d - 6. Suppose 0 = 6*p - 4*p + 8. Give w(p).
6
Let h(i) = i**3 + 5*i**2 + 6*i + 4. Let v(f) = -f**3 - 6*f**2 + 8*f + 8. Let q be v(-7). Let r = -20 + 23. Suppose -z - r = q. Calculate h(z).
-4
Let y(q) be the second derivative of -q**5/20 + q**4/2 - 7*q**3/6 - q**2/2 - 18*q + 1. Suppose 0 = -5*k + 2*k + 15. What is y(k)?
-11
Let q = -250 + 244. Let j(m) = -m**3 - 5*m**2 + 8*m - 1. Determine j(q).
-13
Let l(n) = n**2 - 2*n - 1. Let a(c) = c**2 - 5*c - 3. Let h be a(6). Let q be 3 + 0/h + 1. Determine l(q).
7
Let l(n) = n**2 - 4*n - 4. Let k be 452/9 + (-4)/18. Suppose 5*y + 4*s = k, 0 = -5*y + 4*s - 2*s + 50. Suppose 0 = 3*r - r - y. Determine l(r).
1
Let v(x) = 6*x - 6*x - 2*x + 2. Let h = 116 + -113. Calculate v(h).
-4
Let d(p) = -1 + 5*p**3 - 24*p**3 + 18*p**3. Determine d(2).
-9
Let m(y) = 3*y**3 + 4*y**2 - 3*y - 9. Let a(h) = 4*h**3 + 7*h**2 - 5*h - 13. Let v(b) = -5*a(b) + 7*m(b). Let d be (3 + 12)*4/10. Let p = 0 + d. Calculate v(p).
-10
Let n(s) = 70*s + 73*s + 70*s - 289*s + 74*s. Let m = 2 - 1. Determine n(m).
-2
Suppose 435*q - 430*q + 30 = 0. Let a(u) = 3 - 1 - u + 2*u. Calculate a(q).
-4
Let o(m) = -m + 2. Let b(l) = 4*l - 7. Let i(f) = 2*b(f) + 7*o(f). Calculate i(6).
6
Suppose -r + 2*r = -6. Let f(s) be the first derivative of s**3/3 + 3*s**2 - 4*s - 31. Determine f(r).
-4
Let q(t) be the second derivative of t**4/12 - 2*t**3 + 6*t**2 - 3*t - 14. Give q(12).
12
Suppose 7*w = 3*w - 3*n + 18, 4*n = -2*w + 4. Let k(t) = t**3 - 6*t**2 - t + 1. Give k(w).
-5
Let n(b) be the second derivative of 1/20*b**5 + 2*b + 0 + 3/2*b**2 + 5/12*b**4 + 1/6*b**3. Suppose o + 26*l + 4 = 27*l, 3*l = 4*o + 17. Calculate n(o).
-2
Let c(v) be the first derivative of 2*v**2 + 1 - 1/3*v**3 - v. Suppose 3*a + 3*y = -0*y + 18, 5*y = 3*a - 2. Give c(a).
-1
Let y(w) = -w**3 + w**2 + w - 1. Let t be (-2 + (-35)/(-20))*(5 + -9). What is y(t)?
0
Let s(t) = -5*t - 3. Suppose 5*m + 2*c - 5 = 7*c, 8 = 4*m - 2*c. Determine s(m).
-18
Let m = 2 - 0. Let u(g) = -3*g - 4*g + 174 - 173. Determine u(m).
-13
Let s(u) = u**3 + 23*u**2 + 43*u + 14. Suppose -2*w - 66 + 22 = -2*p, 0 = 5*w + 4*p + 101. Let b be s(w). Let n(l) = -l**2 - 7*l + 8. Calculate n(b).
8
Let a(u) = 30*u**2 - 62*u**2 - 4 + 33*u**2 + 8*u. Determine a(-4).
-20
Let l be (-61)/2 - 19/38. Let m = l + 37. Let v(s) = -m*s**2 + 4*s + s - 3 - 3 + s**3 - 2*s. What is v(6)?
12
Let p(j) = 1. Let b(y) = -3*y**2 - 98*y + 98*y + 5*y**2 - 1. Let v(c) = 2*b(c) + 2*p(c). Give v(2).
16
Let i = -403 + 406. Let t(h) = h**3 + h**2 - 5*h + 4. Give t(i).
25
Let k(m) = -2*m**2 - 2*m + 1. Let b be k(1). Let p(f) = -4*f**2 - 11*f + 6. Let y(c) = -2*c**2 - 5*c + 3. Let s(n) = -4*p(n) + 9*y(n). Determine s(b).
-12
Suppose 240 = -50*m + 2*m. Let j(s) = -2*s**3 - 11*s + 10*s**2 + 3*s - 2*s**3 - 3. Let y(h) = h**3 - h**2 - 1. Let d(n) = m*y(n) - j(n). Determine d(-6).
-4
Let j(l) = -l**2 + 6*l - 4. Let y(z) = 6*z - 62. Let n be y(11). Determine j(n).
4
Let l(q) = -q. Let m(b) = -22*b**2 - 4*b + 1. Let a(i) = -i**2 - i. Let h(n) = 2*a(n) - m(n). Let f(t) = h(t) + 2*l(t). What is f(-1)?
19
Let y(c) = -4*c**3 + c**2 + 2*c + 1. Suppose -14*o - 8 = -6*o. Determine y(o).
4
Let f be (-105)/9 + (-2)/(-3). Let m(d) = -7*d**3 - 13*d**2 + 15. Let h(u) = -31*u**3 - 53*u**2 - u + 61. Let t(r) = 2*h(r) - 9*m(r). What is t(f)?
9
Let k(d) = -d**2 - 24*d - 58. Let u be k(-21). Let b(r) = 3*r - 1. What is b(u)?
14
Suppose 5*u - 8 + 8 = 0. Let t(n) = -n**3 + n**2 - 10. Give t(u).
-10
Let c be 10/8*(-4 + 8). Let g(y) = -y**3